the highest common divisor of x and 75?
15
Suppose 0 = -2*d - 4, 3*d = -r - r + 6. Calculate the greatest common divisor of r and 6.
6
Suppose -4*s + 33 = l - 4*l, -l = -2*s + 17. Let z = 39 - s. Calculate the greatest common factor of 10 and z.
10
Let q = -5 + 7. Suppose 0 = -2*m - 0*m + q. Calculate the highest common factor of 2 and m.
1
Let k = 43 + -25. What is the greatest common factor of 2 and k?
2
Suppose 22*u - 773 - 1339 = 0. What is the greatest common divisor of 6 and u?
6
Let q(f) = -4 + 2*f**3 - f**3 - 3*f**2 + 8*f - 2 - 4*f**2. Let y be q(6). Suppose 2*v + 0 = y. What is the highest common divisor of 21 and v?
3
Let z = -74 + 194. What is the greatest common divisor of 24 and z?
24
Suppose 0 = -2*k + 5*q + 110, 4*k - q - 220 = -3*q. Let m = 117 + 198. Suppose m = 4*l + k. What is the greatest common factor of 13 and l?
13
Let f(m) = m**2 + m - 30. Let s be f(0). Let r be 7/28 - s/8. Calculate the highest common divisor of r and 36.
4
Suppose 0 = 4*t - 3 - 9. Suppose f - t*f = -318. Suppose -2*j + f = -75. Calculate the highest common factor of 13 and j.
13
Let t(g) = 2*g - 10. Let z be t(7). Let p(y) = 5*y - 5. Let x be p(z). Calculate the highest common factor of 10 and x.
5
Suppose 4*l - 22 = 5*o, 2*o - 14 = -3*l + 7*o. Let b = 13 - l. Calculate the greatest common divisor of 35 and b.
5
Let f(l) = l + 6. Let y be f(5). Suppose -14*n = -1279 + 201. What is the greatest common factor of n and y?
11
Suppose 0 = i + 4*v - 32 - 140, 0 = 2*i - 5*v - 292. Suppose -2*j - i + 456 = 0. Calculate the greatest common divisor of 25 and j.
25
Let a(q) = -10*q**2 - q - 3. Let s be a(5). Let i be 2/(-6) + s/(-18). What is the highest common divisor of i and 7?
7
Suppose 2*k - 148 = -76. What is the greatest common divisor of 144 and k?
36
Let w(u) = u**3 + 4*u**2 + 4*u + 2. Let f be w(-2). Suppose f*i - r + 4 = 69, 4*i - r = 125. What is the highest common divisor of 45 and i?
15
Suppose 7*d + 42 = 350. Suppose 4*g = -28 + 72. What is the greatest common divisor of d and g?
11
Let x = -257 + 362. Suppose 4*s - 115 = x. Calculate the highest common divisor of 11 and s.
11
Let w = 440 + -223. Let y = w - 127. Calculate the highest common factor of 10 and y.
10
Let s = -83 + -24. Suppose -3*r - 5*i = -2*i + 219, 0 = -r + i - 75. Let l = r - s. What is the highest common factor of 3 and l?
3
Let u = 12 - 3. Let v = -1 + 0. Let x be 91 + v + -1 + 1. What is the highest common factor of u and x?
9
Let r be (-24)/(-16)*160/6. What is the highest common divisor of r and 8?
8
Let y = 0 - -2. Let k = -31 - -32. Let m = y + k. What is the greatest common factor of 3 and m?
3
Suppose -4*y = -3*y - 14. Suppose -10*i - 60 = -y*i. Let l = 42 - 27. What is the greatest common factor of i and l?
15
Let z(v) = 15*v**2 - 2*v - 1. Let p be z(4). Calculate the highest common factor of 21 and p.
21
Suppose -5*v = -d - 10, 0 = -4*v + 3*d + 1 - 4. What is the highest common factor of v and 33?
3
Let n = 31 + -13. What is the highest common factor of n and 2?
2
Let s = -203 + 295. Suppose 3*z - s = -2. What is the greatest common factor of z and 210?
30
Let h = -9 - -11. Let j be 0 + (h - 2) + 8. What is the greatest common factor of 1 and j?
1
Suppose 4*u = p - 27, p - 5*u - 24 = -2*u. Suppose 0 = l + 2*r - 7, 4*l - 8*r - 2 = -3*r. Calculate the highest common divisor of p and l.
3
Suppose g = p + 3*p - 33, 0 = 4*g + 4. Suppose -i - 5*u + 44 = 0, -2*u + 112 = 4*i + 2*u. What is the greatest common divisor of i and p?
8
Suppose 0 = -4*q + 173 - 13. Calculate the greatest common factor of 8 and q.
8
Suppose 7*o - 68 = 2*o - 2*h, 0 = o - 4*h - 18. What is the greatest common factor of 7 and o?
7
Let a be 4048/48 + (-2)/(-3). Suppose a = -3*f + 4*m + 309, 4*f + 3*m = 332. What is the greatest common divisor of 10 and f?
10
Suppose -32 = 8*f - 12*f. What is the highest common factor of f and 16?
8
Let r(n) = n - 4. Let q be r(6). Suppose -2*w + 0 = -q. Let k = 21 - 13. Calculate the greatest common divisor of w and k.
1
Suppose -3*i - i + 60 = 0. Suppose -m + 37 = 4*h - 0*h, -2*m + 94 = -2*h. What is the greatest common divisor of i and m?
15
Let d(h) = h**3 + h**2 - h + 3. Let r be d(0). Suppose 0 = -2*n + 5*o + 116, r*n + 2*o = -2*n + 348. Calculate the highest common divisor of 17 and n.
17
Let j(d) = d - 2. Let l(o) = -2*o + 5. Let c(v) = -7*j(v) - 4*l(v). Let n be c(7). Calculate the greatest common divisor of n and 1.
1
Let i(b) = -b**2 - 9*b - 14. Let g be i(-6). Suppose g*t + 2*f = 64, -t = 4*t + 5*f - 90. What is the highest common factor of 35 and t?
7
Suppose 7*t = -0*t + 308. Calculate the greatest common divisor of 110 and t.
22
Let v(s) = 2*s**3 + 2*s**2 - s - 1. Let y be v(-2). Let b = y + 14. What is the greatest common factor of b and 63?
7
Let u(p) = -p**3 + 16*p**2 - 28*p + 3. Let g be u(14). Calculate the greatest common divisor of g and 48.
3
Let q(s) = 4*s - 2. Let d be q(3). Let j(a) = -37*a - 1. Let l be j(-3). Calculate the highest common factor of l and d.
10
Suppose u + 9*p = 4*p + 47, -136 = -2*u + 4*p. What is the highest common divisor of u and 31?
31
Let q be (1 - -2)*-11*18/(-27). Suppose 10 + 112 = 5*l + 4*w, 0 = -l + 2*w + 16. What is the highest common factor of l and q?
22
Suppose 0 = s - 3*s - 6, 5*w + 14 = -3*s. Let f be w/(-2) - (-357)/6. Suppose 0 = 4*k - 48 - 0. Calculate the greatest common factor of f and k.
12
Suppose 2*c = 5*s + 3*c - 11, 7 = 4*s - c. Let m = 10 - 10. Let w be s + 1/(-2)*m. What is the highest common divisor of w and 22?
2
Suppose -19 = 3*h - 4. Let v(b) = -52*b + 1. Let n be v(h). Let d = n - 162. Calculate the greatest common divisor of d and 11.
11
Suppose -5*c = -22 - 103. What is the greatest common factor of 75 and c?
25
Let d be (2/(-6))/(5/(-510)). Calculate the highest common divisor of d and 17.
17
Suppose 2*a - 2592 = -6*a. What is the greatest common factor of 36 and a?
36
Let m(k) = -30*k + 6. Let t be m(-5). Suppose 4*c - 5*x - 159 = -0*x, -4*x = -4*c + t. What is the highest common divisor of c and 18?
18
Let o = 18 - 10. Calculate the greatest common factor of o and 40.
8
Let k = -90 + 243. Calculate the greatest common divisor of 17 and k.
17
Suppose 0 = -g - 3*l + 4, g = 3*g + 2*l - 4. Let t be g*(0 - -1)*0. Suppose -m + 10 + 8 = t. Calculate the highest common divisor of m and 9.
9
Suppose p - 44 = -5*q, -3*p + 176 = -0*q + 4*q. Calculate the highest common divisor of p and 16.
16
Let g be ((-1)/(-2))/((-1)/(-6)). Suppose -g*d - 19 + 82 = 0. Let p = d - 14. Calculate the highest common divisor of p and 77.
7
Suppose 2*k = -4*u + 18, 3*k - 4*u - 37 = -0*u. What is the highest common factor of 22 and k?
11
Let i = 29 + -33. Let d(s) = -18*s + 12. Let k be d(i). Calculate the highest common factor of k and 14.
14
Let z be -1 + 0 - (-3 + -30). Suppose 5*h + z = 107. Suppose -2*r - 78 = -3*x + 2*r, 4*r = -4*x + 132. Calculate the highest common divisor of x and h.
15
Let o be ((-30)/(-18) - 1)*12. What is the greatest common factor of 1 and o?
1
Let x be (4/(-10) + -2)*-50. Calculate the highest common divisor of x and 30.
30
Let v(l) = l**3 - l**2 - 4*l + 4. Let q be v(3). Suppose -3*d = d. Suppose -a + 50 = -d*a. Calculate the greatest common factor of a and q.
10
Let v(o) = -8*o. Let i be v(-1). Let x be 0*2/8 - -3. Suppose 2*d = -5*z - 3*d + 35, 0 = x*z + 2*d - 26. What is the highest common factor of i and z?
4
Let p(x) = -x**2 + 11*x - 4. Let l be p(7). Suppose -5 = -3*g + 43. Calculate the greatest common divisor of l and g.
8
Let d = 5 - 11. Let w be (-105)/d*24/15. Suppose 3*h + 7 = 19. What is the highest common factor of h and w?
4
Suppose -t = -3*x - 0*t + 10, 4*t - 45 = -5*x. Let i be 9/(-12) + 172/16. Calculate the greatest common factor of i and x.
5
Let r(t) = -2*t - 4. Let h be r(-3). Let n = 13 + -12. Let l = n - -17. Calculate the highest common divisor of h and l.
2
Suppose 1 - 5 = -k. Let v be 6/3 + -2 + 2. Calculate the highest common divisor of v and k.
2
Suppose 3*s + 3*f = 471, -388 = -5*s - 3*f + 387. What is the highest common divisor of s and 19?
19
Suppose -3*q + 765 = 2*q. Suppose -m + 4*m = q. Suppose 3*w = 2*s + 59, -3*w + s = -6*w + 47. What is the greatest common factor of m and w?
17
Let t(i) = -14*i + 19. Suppose -5*w - 13 = 4*j, -5*j + 2*w = -w + 44. Le